{"id":6871,"date":"2022-10-30T20:01:18","date_gmt":"2022-10-30T20:01:18","guid":{"rendered":"http:\/\/102.67.191.105\/?page_id=6871"},"modified":"2022-11-02T12:01:44","modified_gmt":"2022-11-02T12:01:44","slug":"documentos-normativos","status":"publish","type":"page","link":"https:\/\/unipungue.ac.mz\/?page_id=6871","title":{"rendered":"Documentos Normativos"},"content":{"rendered":"<style type=\"text\/css\"> \n#cmsmasters_row_69de25943be0e8_86844503 .cmsmasters_row_outer_parent { \n\tpadding-top: 0px; \n} \n\n#cmsmasters_row_69de25943be0e8_86844503 .cmsmasters_row_outer_parent { \n\tpadding-bottom: 50px; \n} \n\n<\/style><div id=\"cmsmasters_row_69de25943be0e8_86844503\" class=\"cmsmasters_row cmsmasters_color_scheme_default cmsmasters_row_top_default cmsmasters_row_bot_default cmsmasters_row_boxed\">\n<div class=\"cmsmasters_row_outer_parent\">\n<div class=\"cmsmasters_row_outer\">\n<div class=\"cmsmasters_row_inner\">\n<div class=\"cmsmasters_row_margin\">\n<div class=\"cmsmasters_column one_first\">\n<div class=\"cmsmasters_wrap_table\"><table class=\"cmsmasters_table\"><caption><\/caption><thead><tr class=\"cmsmasters_table_row_header\"><th class=\"cmsmasters_table_cell_alignleft\">Documentos<\/th><\/tr><\/thead><tr><td class=\"cmsmasters_table_cell_alignleft\"><a href=\"http:\/\/102.67.191.105\/wp-content\/uploads\/2022\/11\/Regulamento_de_Gestao_de_Investigacao_PUb_e_Participacao_em_Eventos_Cientificos.pdf\">Regulamento de Gest\u00e3o de Investiga\u00e7\u00e3o, Publica\u00e7\u00e3o e Participa\u00e7\u00e3o em Eventos Cientificos<\/a><\/td><\/tr><tr><td class=\"cmsmasters_table_cell_alignleft\"><a href=\"http:\/\/102.67.191.105\/wp-content\/uploads\/2022\/11\/Regulamento_de_Gestao_de_Receitas_Proprias.pdf\">Regulamento de Gest\u00e3o de Receitas Proprias<\/a><\/td><\/tr><tr><td class=\"cmsmasters_table_cell_alignleft\"><a href=\"http:\/\/102.67.191.105\/wp-content\/uploads\/2022\/11\/Regulamento_Eleitoral.pdf\">Regulamento Eleitoral <\/a><\/td><\/tr><\/table><\/div>\n<\/div>\n<\/div>\n<\/div>\n<\/div>\n<\/div>\n<\/div>\n\n","protected":false},"excerpt":{"rendered":"","protected":false},"author":1,"featured_media":0,"parent":0,"menu_order":0,"comment_status":"closed","ping_status":"closed","template":"","meta":{"footnotes":""},"class_list":["post-6871","page","type-page","status-publish","hentry"],"_links":{"self":[{"href":"https:\/\/unipungue.ac.mz\/index.php?rest_route=\/wp\/v2\/pages\/6871","targetHints":{"allow":["GET"]}}],"collection":[{"href":"https:\/\/unipungue.ac.mz\/index.php?rest_route=\/wp\/v2\/pages"}],"about":[{"href":"https:\/\/unipungue.ac.mz\/index.php?rest_route=\/wp\/v2\/types\/page"}],"author":[{"embeddable":true,"href":"https:\/\/unipungue.ac.mz\/index.php?rest_route=\/wp\/v2\/users\/1"}],"replies":[{"embeddable":true,"href":"https:\/\/unipungue.ac.mz\/index.php?rest_route=%2Fwp%2Fv2%2Fcomments&post=6871"}],"version-history":[{"count":5,"href":"https:\/\/unipungue.ac.mz\/index.php?rest_route=\/wp\/v2\/pages\/6871\/revisions"}],"predecessor-version":[{"id":6889,"href":"https:\/\/unipungue.ac.mz\/index.php?rest_route=\/wp\/v2\/pages\/6871\/revisions\/6889"}],"wp:attachment":[{"href":"https:\/\/unipungue.ac.mz\/index.php?rest_route=%2Fwp%2Fv2%2Fmedia&parent=6871"}],"curies":[{"name":"wp","href":"https:\/\/api.w.org\/{rel}","templated":true}]}}