{"id":6915,"date":"2022-11-20T10:09:07","date_gmt":"2022-11-20T10:09:07","guid":{"rendered":"http:\/\/102.67.191.105\/?page_id=6915"},"modified":"2025-05-26T08:42:57","modified_gmt":"2025-05-26T08:42:57","slug":"faculdade-de-educacao","status":"publish","type":"page","link":"https:\/\/unipungue.ac.mz\/?page_id=6915","title":{"rendered":"Faculdade de Educa\u00e7\u00e3o"},"content":{"rendered":"<style type=\"text\/css\"> \n#cmsmasters_row_69de26c184ba43_75866872 { \n\tbackground-color:#fbfbfb;\n} \n\n#cmsmasters_row_69de26c184ba43_75866872 .cmsmasters_row_outer_parent { \n\tpadding-top: 70px; \n} \n\n#cmsmasters_row_69de26c184ba43_75866872 .cmsmasters_row_outer_parent { \n\tpadding-bottom: 50px; \n} \n\n \n#cmsmasters_heading_69de26c184d841_04072404 { \n\ttext-align:center; \n\tmargin-top:0px; \n\tmargin-bottom:50px; \n} \n\n#cmsmasters_heading_69de26c184d841_04072404 .cmsmasters_heading { \n\ttext-align:center; \n} \n\n#cmsmasters_heading_69de26c184d841_04072404 .cmsmasters_heading, #cmsmasters_heading_69de26c184d841_04072404 .cmsmasters_heading a { \n\tfont-weight:300; \n\tfont-style:normal; \n} \n\n#cmsmasters_heading_69de26c184d841_04072404 .cmsmasters_heading_divider { \n} \n\n \n#cmsmasters_row_69de26c1870904_54701806 .cmsmasters_row_outer_parent { \n\tpadding-top: 0px; \n} \n\n#cmsmasters_row_69de26c1870904_54701806 .cmsmasters_row_outer_parent { \n\tpadding-bottom: 0px; \n} \n\n#cmsmasters_row_69de26c1870904_54701806 .cmsmasters_row_inner.cmsmasters_row_fullwidth { \n\tpadding-left:0%; \n} \n#cmsmasters_row_69de26c1870904_54701806 .cmsmasters_row_inner.cmsmasters_row_fullwidth { \n\tpadding-right:0%; \n} \n \n#cmsmasters_divider_69de26c1871442_80351780 { \n\tborder-bottom-width:1px; \n\tborder-bottom-style:solid; \n\tpadding-top:0px; \n\tmargin-bottom:0px; \n} \n \n#cmsmasters_row_69de26c1871797_95160566 .cmsmasters_row_outer_parent { \n\tpadding-top: 50px; \n} \n\n#cmsmasters_row_69de26c1871797_95160566 .cmsmasters_row_outer_parent { \n\tpadding-bottom: 50px; \n} \n\n \n#cmsmasters_row_69de26c1874ac1_79863052 .cmsmasters_row_outer_parent { \n\tpadding-top: 0px; \n} \n\n#cmsmasters_row_69de26c1874ac1_79863052 .cmsmasters_row_outer_parent { \n\tpadding-bottom: 0px; \n} \n\n#cmsmasters_row_69de26c1874ac1_79863052 .cmsmasters_row_inner.cmsmasters_row_fullwidth { \n\tpadding-left:0%; \n} \n#cmsmasters_row_69de26c1874ac1_79863052 .cmsmasters_row_inner.cmsmasters_row_fullwidth { \n\tpadding-right:0%; \n} \n \n#cmsmasters_divider_69de26c1875272_56534128 { \n\tborder-bottom-width:1px; \n\tborder-bottom-style:solid; \n\tpadding-top:50px; \n\tmargin-bottom:0px; \n} \n \n#cmsmasters_row_69de26c1875548_73089610 { \n\tbackground-color:#fbfbfb;\n} \n\n#cmsmasters_row_69de26c1875548_73089610 .cmsmasters_row_outer_parent { \n\tpadding-top: 60px; \n} \n\n#cmsmasters_row_69de26c1875548_73089610 .cmsmasters_row_outer_parent { \n\tpadding-bottom: 60px; \n} \n\n \n#cmsmasters_heading_69de26c1876ec3_24533423 { \n\ttext-align:center; \n\tmargin-top:0px; \n\tmargin-bottom:50px; \n} \n\n#cmsmasters_heading_69de26c1876ec3_24533423 .cmsmasters_heading { \n\ttext-align:center; \n} \n\n#cmsmasters_heading_69de26c1876ec3_24533423 .cmsmasters_heading, #cmsmasters_heading_69de26c1876ec3_24533423 .cmsmasters_heading a { \n\tfont-weight:300; \n\tfont-style:normal; \n} \n\n#cmsmasters_heading_69de26c1876ec3_24533423 .cmsmasters_heading_divider { \n} \n\n \n#cmsmasters_row_69de26c1884745_37363345 .cmsmasters_row_outer_parent { \n\tpadding-top: 0px; \n} \n\n#cmsmasters_row_69de26c1884745_37363345 .cmsmasters_row_outer_parent { \n\tpadding-bottom: 0px; \n} \n\n#cmsmasters_row_69de26c1884745_37363345 .cmsmasters_row_inner.cmsmasters_row_fullwidth { \n\tpadding-left:0%; \n} \n#cmsmasters_row_69de26c1884745_37363345 .cmsmasters_row_inner.cmsmasters_row_fullwidth { \n\tpadding-right:0%; \n} \n \n#cmsmasters_divider_69de26c1885372_96392845 { \n\tborder-bottom-width:1px; \n\tborder-bottom-style:solid; \n\tpadding-top:50px; \n\tmargin-bottom:0px; \n} \n \n#cmsmasters_row_69de26c1885696_30952821 { \n\tbackground-color:#fbfbfb;\n} \n\n#cmsmasters_row_69de26c1885696_30952821 .cmsmasters_row_outer_parent { \n\tpadding-top: 60px; \n} \n\n#cmsmasters_row_69de26c1885696_30952821 .cmsmasters_row_outer_parent { \n\tpadding-bottom: 60px; \n} \n\n \n#cmsmasters_heading_69de26c1885df6_28785103 { \n\ttext-align:center; \n\tmargin-top:0px; \n\tmargin-bottom:50px; \n} \n\n#cmsmasters_heading_69de26c1885df6_28785103 .cmsmasters_heading { \n\ttext-align:center; \n} \n\n#cmsmasters_heading_69de26c1885df6_28785103 .cmsmasters_heading, #cmsmasters_heading_69de26c1885df6_28785103 .cmsmasters_heading a { \n\tfont-weight:300; \n\tfont-style:normal; \n} \n\n#cmsmasters_heading_69de26c1885df6_28785103 .cmsmasters_heading_divider { \n} \n\n \n#cmsmasters_heading_69de26c18861d8_21038238 { \n\ttext-align:center; \n\tmargin-top:0px; \n\tmargin-bottom:50px; \n} \n\n#cmsmasters_heading_69de26c18861d8_21038238 .cmsmasters_heading { \n\ttext-align:center; \n} \n\n#cmsmasters_heading_69de26c18861d8_21038238 .cmsmasters_heading, #cmsmasters_heading_69de26c18861d8_21038238 .cmsmasters_heading a { \n\tfont-weight:300; \n\tfont-style:normal; \n} \n\n#cmsmasters_heading_69de26c18861d8_21038238 .cmsmasters_heading_divider { \n} \n\n \n#cmsmasters_row_69de26c1891f30_94619708 .cmsmasters_row_outer_parent { \n\tpadding-top: 0px; \n} \n\n#cmsmasters_row_69de26c1891f30_94619708 .cmsmasters_row_outer_parent { \n\tpadding-bottom: 0px; \n} \n\n#cmsmasters_row_69de26c1891f30_94619708 .cmsmasters_row_inner.cmsmasters_row_fullwidth { \n\tpadding-left:0%; \n} \n#cmsmasters_row_69de26c1891f30_94619708 .cmsmasters_row_inner.cmsmasters_row_fullwidth { \n\tpadding-right:0%; \n} \n \n#cmsmasters_divider_69de26c1892874_86861820 { \n\tborder-bottom-width:1px; \n\tborder-bottom-style:solid; \n\tpadding-top:0px; \n\tmargin-bottom:50px; \n} \n<\/style><div id=\"cmsmasters_row_69de26c184ba43_75866872\" class=\"cmsmasters_row cmsmasters_color_scheme_default cmsmasters_row_top_default cmsmasters_row_bot_default cmsmasters_row_boxed\">\n<div class=\"cmsmasters_row_outer_parent\">\n<div class=\"cmsmasters_row_outer\">\n<div class=\"cmsmasters_row_inner\">\n<div class=\"cmsmasters_row_margin\">\n<div class=\"cmsmasters_column one_first\">\n\n<div id=\"cmsmasters_heading_69de26c184d841_04072404\" class=\"cmsmasters_heading_wrap cmsmasters_heading_align_center\">\n\t<h2 class=\"cmsmasters_heading\"><\/h2>\n<\/div>\n<div id=\"69de26c184dcc7_69284544\" class=\"cmsmasters_profile vertical\">\n\r\n<!-- Start Vertical Profile  -->\r\n\r\n<article id=\"post-8826\" class=\"post-8826 profile type-profile status-publish has-post-thumbnail hentry pl-categs-director-da-fedu\">\r\n\t<div class=\"pl_img\">\n<figure>\n<a href=\"https:\/\/unipungue.ac.mz\/?profile=domingos-arcanjo-antonio-nhampinga\"><img loading=\"lazy\" decoding=\"async\" width=\"261\" height=\"300\" src=\"https:\/\/unipungue.ac.mz\/wp-content\/uploads\/2025\/05\/Nhampinga-261x300.jpg\" class=\"attachment-cmsmasters-square-thumb size-cmsmasters-square-thumb wp-post-image\" alt=\"Prof. Doutor Domingos Arcanjo Ant\u00f3nio Nhampinga\" title=\"Prof. Doutor Domingos Arcanjo Ant\u00f3nio Nhampinga\" \/><\/a><\/figure>\n<\/div>\n<div class=\"pl_content\">\n<h6 class=\"pl_subtitle\">Director<\/h6>\n<h2 class=\"entry-title\">\n<a href=\"https:\/\/unipungue.ac.mz\/?profile=domingos-arcanjo-antonio-nhampinga\">Prof. Doutor Domingos Arcanjo Ant\u00f3nio Nhampinga<\/a>\n<\/h2>\n<div class=\"pl_social\">\n<\/div>\n<\/div>\n<div class=\"entry-content\">\n\u00c9 Director da Faculdade de Educa\u00e7\u00e3o na Universidade P\u00fangu\u00e8, com sede na prov\u00edncia de Manica e uma Extens\u00e3o na prov\u00edncia de Tete.<\/div>\n\t<div class=\"cl\"><\/div>\r\n<\/article>\r\n<!-- Finish Vertical Profile  -->\r\n\r\n<\/div>\n<div class=\"cmsmasters_img  cmsmasters_image_n\">\n<img decoding=\"async\" src=\"https:\/\/unipungue.ac.mz\/wp-content\/uploads\/2023\/02\/4.png\" \/>\n<\/div>\n<\/div>\n<\/div>\n<\/div>\n<\/div>\n<\/div>\n<\/div>\n<div id=\"cmsmasters_row_69de26c1870904_54701806\" class=\"cmsmasters_row cmsmasters_color_scheme_default cmsmasters_row_top_default cmsmasters_row_bot_default cmsmasters_row_fullwidth\">\n<div class=\"cmsmasters_row_outer_parent\">\n<div class=\"cmsmasters_row_outer\">\n<div class=\"cmsmasters_row_inner cmsmasters_row_fullwidth\">\n<div class=\"cmsmasters_row_margin\">\n<div class=\"cmsmasters_column one_first\">\n\n<div id=\"cmsmasters_divider_69de26c1871442_80351780\" class=\"cmsmasters_divider cmsmasters_divider_width_long cmsmasters_divider_pos_center\"><\/div>\n<\/div>\n<\/div>\n<\/div>\n<\/div>\n<\/div>\n<\/div>\n<div id=\"cmsmasters_row_69de26c1871797_95160566\" class=\"cmsmasters_row cmsmasters_color_scheme_default cmsmasters_row_top_default cmsmasters_row_bot_default cmsmasters_row_boxed\">\n<div class=\"cmsmasters_row_outer_parent\">\n<div class=\"cmsmasters_row_outer\">\n<div class=\"cmsmasters_row_inner\">\n<div class=\"cmsmasters_row_margin\">\n<div class=\"cmsmasters_column one_first\">\n<div class=\"cmsmasters_text\">\n<p><strong>Bem-Vindo \u00e0 Faculdade de Educa\u00e7\u00e3o<\/strong><\/p>\n<p>A Faculdade de Educa\u00e7\u00e3o \u00e9 uma das unidades org\u00e2nicas existentes desde 2019, quando foi criada a Universidade P\u00fangu\u00e8 como desmembramento da Universidade Pedag\u00f3gica (UP).<\/p>\n<p>A Faculdade de Educa\u00e7\u00e3o desempenha um papel preponderante na forma\u00e7\u00e3o psicopedag\u00f3gica e did\u00e1ctica dos estudantes da Universidade P\u00fangu\u00e8, tendo, para o efeito, a responsabilidade de lecciona\u00e7\u00e3o de disciplinas tais como Organiza\u00e7\u00e3o e Gest\u00e3o Escolar, Teoria da Educa\u00e7\u00e3o, Fundamentos de Pedagogia, Did\u00e1ctica Geral, Psicologia Geral, Psicologia de Desenvolvimento e de Aprendizagem e Necessidades Educativas Especiais, entre outros, em todos os cursos existentes na Universidade P\u00fangu\u00e8 virados Educa\u00e7\u00e3o e forma\u00e7\u00e3o de professores.<\/p>\n<p>&nbsp;<\/p>\n<p><strong>Objetivos da Faculdade<\/strong><\/p>\n<p>Para cumprir a miss\u00e3o estabelecida 1, dentro da vis\u00e3o em 2, a Faculdade de Educa\u00e7\u00e3o ter\u00e1 sempre um projecto cient\u00edfico, pedag\u00f3gico e de interven\u00e7\u00e3o inovador, sustent\u00e1vel e de qualidade que integra todas as outras unidades org\u00e2nicas da universidade, perseguindo os objectivos seguintes:<\/p>\n<ul>\n<li>Formar profissionais de n\u00edvel superior com alto grau de qualifica\u00e7\u00e3o cient\u00edfica e investigativa em todos subsistemas de educa\u00e7\u00e3o.<\/li>\n<li>Oferecer forma\u00e7\u00e3o universit\u00e1ria de n\u00edvel de licenciatura, mestrado e doutoramento;<\/li>\n<li>Formar profissionais de educa\u00e7\u00e3o para todos os n\u00edveis, decisores e outros quadros que interv\u00e9m directa ou indirectamente no sistema de educa\u00e7\u00e3o;<\/li>\n<li>Desenvolver o interc\u00e2mbio cient\u00edfico, pedag\u00f3gico e cultural com institui\u00e7\u00f5es e organiza\u00e7\u00f5es nacionais e estrangeiras, atrav\u00e9s da mobilidade de estudantes, docentes, investigadores e pessoal administrativo para o desenvolvimento de projectos de ensino, de investiga\u00e7\u00e3o e de outras ac\u00e7\u00f5es que estimulam a qualidade de ensino em todos subsistemas de educa\u00e7\u00e3o.<\/li>\n<li>Realizar investiga\u00e7\u00e3o cient\u00edfica que responda aos actuais desafios da Educa\u00e7\u00e3o e que promova uma melhoria no ensino.<\/li>\n<li>Promover uma forma\u00e7\u00e3o inovadora e integrada em todas \u00e1reas de conhecimento baseada nas compet\u00eancias, necessidades e interesses do graduando.<\/li>\n<li>Promover ac\u00e7\u00f5es que garantam a equidade de g\u00e9nero e o acesso a forma\u00e7\u00e3o \u00e0s pessoas com necessidades educativas especiais (NEE).<\/li>\n<\/ul>\n<p>&nbsp;<\/p>\n<p><strong>Valores\u00a0<\/strong><\/p>\n<ul>\n<li>Criatividade<\/li>\n<li>Equidade<\/li>\n<li>Imparcialidade<\/li>\n<li>Justi\u00e7a<\/li>\n<li>Inclus\u00e3o<\/li>\n<li>\u00c9tica<\/li>\n<li>Rigor<\/li>\n<li>Profissionalismo<\/li>\n<li>Valoriza\u00e7\u00e3o e respeito \u00e0s pessoas<\/li>\n<li>Integridade<\/li>\n<li>Humildade<\/li>\n<li>Honestidade<\/li>\n<li>Solidariedade<\/li>\n<li>Toler\u00e2ncia<\/li>\n<\/ul>\n<\/div>\n<\/div>\n<\/div>\n<\/div>\n<\/div>\n<\/div>\n<\/div>\n<div id=\"cmsmasters_row_69de26c1874ac1_79863052\" class=\"cmsmasters_row cmsmasters_color_scheme_default cmsmasters_row_top_default cmsmasters_row_bot_default cmsmasters_row_fullwidth\">\n<div class=\"cmsmasters_row_outer_parent\">\n<div class=\"cmsmasters_row_outer\">\n<div class=\"cmsmasters_row_inner cmsmasters_row_fullwidth\">\n<div class=\"cmsmasters_row_margin\">\n<div class=\"cmsmasters_column one_first\">\n\n<div id=\"cmsmasters_divider_69de26c1875272_56534128\" class=\"cmsmasters_divider cmsmasters_divider_width_long cmsmasters_divider_pos_center\"><\/div>\n<\/div>\n<\/div>\n<\/div>\n<\/div>\n<\/div>\n<\/div>\n<div id=\"cmsmasters_row_69de26c1875548_73089610\" class=\"cmsmasters_row cmsmasters_color_scheme_default cmsmasters_row_top_default cmsmasters_row_bot_default cmsmasters_row_boxed\">\n<div class=\"cmsmasters_row_outer_parent\">\n<div class=\"cmsmasters_row_outer\">\n<div class=\"cmsmasters_row_inner\">\n<div class=\"cmsmasters_row_margin\">\n<div class=\"cmsmasters_column one_first\">\n\n<div id=\"cmsmasters_heading_69de26c1876ec3_24533423\" class=\"cmsmasters_heading_wrap cmsmasters_heading_align_center\">\n\t<h2 class=\"cmsmasters_heading\">Cursos ministrados<\/h2>\n<\/div><div class=\"cmsmasters_text\">\n<div id=\"cmsmasters_learnpress_shortcode_69de26c1878441_94524079\" class=\"cmsmasters_learnpress_shortcode cmsmasters_4\"><\/div>\n<\/div>\n<\/div>\n<\/div>\n<\/div>\n<\/div>\n<\/div>\n<\/div>\n<div id=\"cmsmasters_row_69de26c1884745_37363345\" class=\"cmsmasters_row cmsmasters_color_scheme_default cmsmasters_row_top_default cmsmasters_row_bot_default cmsmasters_row_fullwidth\">\n<div class=\"cmsmasters_row_outer_parent\">\n<div class=\"cmsmasters_row_outer\">\n<div class=\"cmsmasters_row_inner cmsmasters_row_fullwidth\">\n<div class=\"cmsmasters_row_margin\">\n<div class=\"cmsmasters_column one_first\">\n\n<div id=\"cmsmasters_divider_69de26c1885372_96392845\" class=\"cmsmasters_divider cmsmasters_divider_width_long cmsmasters_divider_pos_center\"><\/div>\n<\/div>\n<\/div>\n<\/div>\n<\/div>\n<\/div>\n<\/div>\n<div id=\"cmsmasters_row_69de26c1885696_30952821\" class=\"cmsmasters_row cmsmasters_color_scheme_default cmsmasters_row_top_default cmsmasters_row_bot_default cmsmasters_row_boxed\">\n<div class=\"cmsmasters_row_outer_parent\">\n<div class=\"cmsmasters_row_outer\">\n<div class=\"cmsmasters_row_inner\">\n<div class=\"cmsmasters_row_margin\">\n<div class=\"cmsmasters_column one_first\">\n\n<div id=\"cmsmasters_heading_69de26c1885df6_28785103\" class=\"cmsmasters_heading_wrap cmsmasters_heading_align_center\">\n\t<h2 class=\"cmsmasters_heading\">Nossos docentes<\/h2>\n<\/div>\n<div id=\"cmsmasters_heading_69de26c18861d8_21038238\" class=\"cmsmasters_heading_wrap cmsmasters_heading_align_center\">\n\t<h4 class=\"cmsmasters_heading\"><\/h4>\n<\/div>\n<p><\/p>\n<\/div>\n<\/div>\n<\/div>\n<\/div>\n<\/div>\n<\/div>\n<div id=\"cmsmasters_row_69de26c1891f30_94619708\" class=\"cmsmasters_row cmsmasters_color_scheme_default cmsmasters_row_top_default cmsmasters_row_bot_default cmsmasters_row_fullwidth\">\n<div class=\"cmsmasters_row_outer_parent\">\n<div class=\"cmsmasters_row_outer\">\n<div class=\"cmsmasters_row_inner cmsmasters_row_fullwidth\">\n<div class=\"cmsmasters_row_margin\">\n<div class=\"cmsmasters_column one_first\">\n\n<div id=\"cmsmasters_divider_69de26c1892874_86861820\" class=\"cmsmasters_divider cmsmasters_divider_width_long cmsmasters_divider_pos_center\"><\/div>\n<\/div>\n<\/div>\n<\/div>\n<\/div>\n<\/div>\n<\/div>\n\n","protected":false},"excerpt":{"rendered":"","protected":false},"author":1,"featured_media":0,"parent":0,"menu_order":0,"comment_status":"closed","ping_status":"closed","template":"","meta":{"footnotes":""},"class_list":["post-6915","page","type-page","status-publish","hentry"],"_links":{"self":[{"href":"https:\/\/unipungue.ac.mz\/index.php?rest_route=\/wp\/v2\/pages\/6915","targetHints":{"allow":["GET"]}}],"collection":[{"href":"https:\/\/unipungue.ac.mz\/index.php?rest_route=\/wp\/v2\/pages"}],"about":[{"href":"https:\/\/unipungue.ac.mz\/index.php?rest_route=\/wp\/v2\/types\/page"}],"author":[{"embeddable":true,"href":"https:\/\/unipungue.ac.mz\/index.php?rest_route=\/wp\/v2\/users\/1"}],"replies":[{"embeddable":true,"href":"https:\/\/unipungue.ac.mz\/index.php?rest_route=%2Fwp%2Fv2%2Fcomments&post=6915"}],"version-history":[{"count":12,"href":"https:\/\/unipungue.ac.mz\/index.php?rest_route=\/wp\/v2\/pages\/6915\/revisions"}],"predecessor-version":[{"id":8818,"href":"https:\/\/unipungue.ac.mz\/index.php?rest_route=\/wp\/v2\/pages\/6915\/revisions\/8818"}],"wp:attachment":[{"href":"https:\/\/unipungue.ac.mz\/index.php?rest_route=%2Fwp%2Fv2%2Fmedia&parent=6915"}],"curies":[{"name":"wp","href":"https:\/\/api.w.org\/{rel}","templated":true}]}}