{"id":6943,"date":"2022-11-20T10:28:36","date_gmt":"2022-11-20T10:28:36","guid":{"rendered":"http:\/\/102.67.191.105\/?page_id=6943"},"modified":"2024-07-08T20:36:54","modified_gmt":"2024-07-08T20:36:54","slug":"gabinete-juridico","status":"publish","type":"page","link":"https:\/\/unipungue.ac.mz\/?page_id=6943","title":{"rendered":"Gabinete Jur\u00eddico"},"content":{"rendered":"<style type=\"text\/css\"> \n#cmsmasters_row_6a046519773f88_02936633 { \n\tbackground-color:#fbfbfb;\n} \n\n#cmsmasters_row_6a046519773f88_02936633 .cmsmasters_row_outer_parent { \n\tpadding-top: 70px; \n} \n\n#cmsmasters_row_6a046519773f88_02936633 .cmsmasters_row_outer_parent { \n\tpadding-bottom: 50px; \n} \n\n \n#cmsmasters_heading_6a046519775b08_62642864 { \n\ttext-align:center; \n\tmargin-top:0px; \n\tmargin-bottom:50px; \n} \n\n#cmsmasters_heading_6a046519775b08_62642864 .cmsmasters_heading { \n\ttext-align:center; \n} \n\n#cmsmasters_heading_6a046519775b08_62642864 .cmsmasters_heading, #cmsmasters_heading_6a046519775b08_62642864 .cmsmasters_heading a { \n\tfont-weight:300; \n\tfont-style:normal; \n} \n\n#cmsmasters_heading_6a046519775b08_62642864 .cmsmasters_heading_divider { \n} \n\n.cmsmasters_profile #post-8095.profile .pl_subtitle {color:#169eb7;}.cmsmasters_profile #post-8095.profile:before {background-color:#169eb7;} \n#cmsmasters_row_6a0465197c6de0_44253079 .cmsmasters_row_outer_parent { \n\tpadding-top: 0px; \n} \n\n#cmsmasters_row_6a0465197c6de0_44253079 .cmsmasters_row_outer_parent { \n\tpadding-bottom: 0px; \n} \n\n#cmsmasters_row_6a0465197c6de0_44253079 .cmsmasters_row_inner.cmsmasters_row_fullwidth { \n\tpadding-left:0%; \n} \n#cmsmasters_row_6a0465197c6de0_44253079 .cmsmasters_row_inner.cmsmasters_row_fullwidth { \n\tpadding-right:0%; \n} \n \n#cmsmasters_divider_6a0465197c8782_65590370 { \n\tborder-bottom-width:1px; \n\tborder-bottom-style:solid; \n\tpadding-top:0px; \n\tmargin-bottom:0px; \n} \n \n#cmsmasters_row_6a0465197c8b79_82900025 .cmsmasters_row_outer_parent { \n\tpadding-top: 50px; \n} \n\n#cmsmasters_row_6a0465197c8b79_82900025 .cmsmasters_row_outer_parent { \n\tpadding-bottom: 50px; \n} \n\n \n#cmsmasters_heading_6a0465197ca904_27539119 { \n\ttext-align:center; \n\tmargin-top:0px; \n\tmargin-bottom:50px; \n} \n\n#cmsmasters_heading_6a0465197ca904_27539119 .cmsmasters_heading { \n\ttext-align:center; \n} \n\n#cmsmasters_heading_6a0465197ca904_27539119 .cmsmasters_heading, #cmsmasters_heading_6a0465197ca904_27539119 .cmsmasters_heading a { \n\tfont-weight:300; \n\tfont-style:normal; \n} \n\n#cmsmasters_heading_6a0465197ca904_27539119 .cmsmasters_heading_divider { \n} \n\n<\/style><div id=\"cmsmasters_row_6a046519773f88_02936633\" class=\"cmsmasters_row cmsmasters_color_scheme_default cmsmasters_row_top_default cmsmasters_row_bot_default cmsmasters_row_boxed\">\n<div class=\"cmsmasters_row_outer_parent\">\n<div class=\"cmsmasters_row_outer\">\n<div class=\"cmsmasters_row_inner\">\n<div class=\"cmsmasters_row_margin\">\n<div class=\"cmsmasters_column one_first\">\n\n<div id=\"cmsmasters_heading_6a046519775b08_62642864\" class=\"cmsmasters_heading_wrap cmsmasters_heading_align_center\">\n\t<h2 class=\"cmsmasters_heading\"> Director do Gabinete Jur\u00eddico <\/h2>\n<\/div>\n<div id=\"6a046519775f57_73544072\" class=\"cmsmasters_profile vertical\">\n\r\n<!-- Start Vertical Profile  -->\r\n\r\n<article id=\"post-8095\" class=\"post-8095 profile type-profile status-publish has-post-thumbnail hentry pl-categs-director-gabinete-juridico pl-categs-gabinete-juridico\">\r\n\t<div class=\"pl_img\">\n<figure>\n<a href=\"https:\/\/unipungue.ac.mz\/?profile=ironeu-anderson-pina-marques\"><img loading=\"lazy\" decoding=\"async\" width=\"300\" height=\"300\" src=\"https:\/\/unipungue.ac.mz\/wp-content\/uploads\/2024\/07\/WhatsApp-Image-2024-07-07-at-15.48.23_e0fa0120-300x300.jpg\" class=\"attachment-cmsmasters-square-thumb size-cmsmasters-square-thumb wp-post-image\" alt=\"Ironeu Anderson Pina Marques\" title=\"Ironeu Anderson Pina Marques\" srcset=\"https:\/\/unipungue.ac.mz\/wp-content\/uploads\/2024\/07\/WhatsApp-Image-2024-07-07-at-15.48.23_e0fa0120-300x300.jpg 300w, https:\/\/unipungue.ac.mz\/wp-content\/uploads\/2024\/07\/WhatsApp-Image-2024-07-07-at-15.48.23_e0fa0120-150x150.jpg 150w, https:\/\/unipungue.ac.mz\/wp-content\/uploads\/2024\/07\/WhatsApp-Image-2024-07-07-at-15.48.23_e0fa0120-60x60.jpg 60w, https:\/\/unipungue.ac.mz\/wp-content\/uploads\/2024\/07\/WhatsApp-Image-2024-07-07-at-15.48.23_e0fa0120.jpg 424w\" sizes=\"auto, (max-width: 300px) 100vw, 300px\" \/><\/a><\/figure>\n<\/div>\n<div class=\"pl_content\">\n<h6 class=\"pl_subtitle\">Director<\/h6>\n<h2 class=\"entry-title\">\n<a href=\"https:\/\/unipungue.ac.mz\/?profile=ironeu-anderson-pina-marques\">Ironeu Anderson Pina Marques<\/a>\n<\/h2>\n<div class=\"pl_social\">\n<ul class=\"pl_social_list\">\n<li>\n\t<a href=\"#\" class=\"cmsmasters-icon-linkedin\" title=\"\"><\/a>\r<\/li>\n<li>\n\t<a href=\"#\" class=\"cmsmasters-icon-facebook\" title=\"\"><\/a>\r<\/li>\n<li>\n\t<a href=\"#\" class=\"cmsmasters-icon-google\" title=\"\"><\/a>\r<\/li>\n<li>\n\t<a href=\"#\" class=\"cmsmasters-icon-twitter\" title=\"\"><\/a>\r<\/li>\n<li>\n\t<a href=\"#\" class=\"cmsmasters-icon-skype\" title=\"\"><\/a>\r<\/li>\n<\/ul>\n<\/div>\n<\/div>\n<div class=\"entry-content\">\n\u00c9 Director\u00a0 do Gabinete Jur\u00eddico da Universidade P\u00fangu\u00e8 com sede na prov\u00edncia de Manica e uma Extens\u00e3o na prov\u00edncia de Tete.<\/div>\n\t<div class=\"cl\"><\/div>\r\n<\/article>\r\n<!-- Finish Vertical Profile  -->\r\n\r\n<\/div>\n<\/div>\n<\/div>\n<\/div>\n<\/div>\n<\/div>\n<\/div>\n<div id=\"cmsmasters_row_6a0465197c6de0_44253079\" class=\"cmsmasters_row cmsmasters_color_scheme_default cmsmasters_row_top_default cmsmasters_row_bot_default cmsmasters_row_fullwidth\">\n<div class=\"cmsmasters_row_outer_parent\">\n<div class=\"cmsmasters_row_outer\">\n<div class=\"cmsmasters_row_inner cmsmasters_row_fullwidth\">\n<div class=\"cmsmasters_row_margin\">\n<div class=\"cmsmasters_column one_first\">\n\n<div id=\"cmsmasters_divider_6a0465197c8782_65590370\" class=\"cmsmasters_divider cmsmasters_divider_width_long cmsmasters_divider_pos_center\"><\/div>\n<\/div>\n<\/div>\n<\/div>\n<\/div>\n<\/div>\n<\/div>\n<div id=\"cmsmasters_row_6a0465197c8b79_82900025\" class=\"cmsmasters_row cmsmasters_color_scheme_default cmsmasters_row_top_default cmsmasters_row_bot_default cmsmasters_row_boxed\">\n<div class=\"cmsmasters_row_outer_parent\">\n<div class=\"cmsmasters_row_outer\">\n<div class=\"cmsmasters_row_inner\">\n<div class=\"cmsmasters_row_margin\">\n<div class=\"cmsmasters_column one_first\">\n<div class=\"cmsmasters_text\">\n<p>O Gabinete Jur\u00eddico \u00e9 o \u00f3rg\u00e3o de apoio t\u00e9cnico ao Reitor no dom\u00ednio jur\u00eddico-legal, e tem as seguintes fun\u00e7\u00f5es gerais:<\/p>\n<ol>\n<li>Prestar assessoria jur\u00eddica e judici\u00e1ria \u00e0 Direc\u00e7\u00e3o da Universidade, incluindo as suas unidades org\u00e2nicas, direc\u00e7\u00f5es e servi\u00e7os centrais;<\/li>\n<li>Participar na elabora\u00e7\u00e3o de propostas de regulamentos e outros actos normativos sobre a Universidade;<\/li>\n<li>Emitir pareceres jur\u00eddicos sobre situa\u00e7\u00f5es de interesse legal e outras mat\u00e9rias submetidas \u00e0 sua aprecia\u00e7\u00e3o;<\/li>\n<li>Prestar assist\u00eancia jur\u00eddica na prepara\u00e7\u00e3o e elabora\u00e7\u00e3o de contratos, acordos, conv\u00e9nios e outros instrumentos legais;<\/li>\n<li>Organizar e manter actualizada a colect\u00e2nea da legisla\u00e7\u00e3o de interesse para o desenvolvimento das actividades da Universidade P\u00fangu\u00e8 e promover a sua divulga\u00e7\u00e3o;<\/li>\n<li>Verificar a legalidade dos actos praticados na Universidade P\u00fangu\u00e8.<\/li>\n<\/ol>\n<\/div>\n\n<div id=\"cmsmasters_heading_6a0465197ca904_27539119\" class=\"cmsmasters_heading_wrap cmsmasters_heading_align_center\">\n\t<h4 class=\"cmsmasters_heading\"><\/h4>\n<\/div>\n<\/div>\n<\/div>\n<\/div>\n<\/div>\n<\/div>\n<\/div>\n\n","protected":false},"excerpt":{"rendered":"","protected":false},"author":1,"featured_media":0,"parent":0,"menu_order":0,"comment_status":"closed","ping_status":"closed","template":"","meta":{"footnotes":""},"class_list":["post-6943","page","type-page","status-publish","hentry"],"_links":{"self":[{"href":"https:\/\/unipungue.ac.mz\/index.php?rest_route=\/wp\/v2\/pages\/6943","targetHints":{"allow":["GET"]}}],"collection":[{"href":"https:\/\/unipungue.ac.mz\/index.php?rest_route=\/wp\/v2\/pages"}],"about":[{"href":"https:\/\/unipungue.ac.mz\/index.php?rest_route=\/wp\/v2\/types\/page"}],"author":[{"embeddable":true,"href":"https:\/\/unipungue.ac.mz\/index.php?rest_route=\/wp\/v2\/users\/1"}],"replies":[{"embeddable":true,"href":"https:\/\/unipungue.ac.mz\/index.php?rest_route=%2Fwp%2Fv2%2Fcomments&post=6943"}],"version-history":[{"count":6,"href":"https:\/\/unipungue.ac.mz\/index.php?rest_route=\/wp\/v2\/pages\/6943\/revisions"}],"predecessor-version":[{"id":8108,"href":"https:\/\/unipungue.ac.mz\/index.php?rest_route=\/wp\/v2\/pages\/6943\/revisions\/8108"}],"wp:attachment":[{"href":"https:\/\/unipungue.ac.mz\/index.php?rest_route=%2Fwp%2Fv2%2Fmedia&parent=6943"}],"curies":[{"name":"wp","href":"https:\/\/api.w.org\/{rel}","templated":true}]}}