{"id":6952,"date":"2022-11-20T10:33:52","date_gmt":"2022-11-20T10:33:52","guid":{"rendered":"http:\/\/102.67.191.105\/?page_id=6952"},"modified":"2026-02-19T11:05:54","modified_gmt":"2026-02-19T11:05:54","slug":"direccao-de-graduacao","status":"publish","type":"page","link":"https:\/\/unipungue.ac.mz\/?page_id=6952","title":{"rendered":"Direc\u00e7\u00e3o de Gradua\u00e7\u00e3o"},"content":{"rendered":"<style type=\"text\/css\"> \n#cmsmasters_row_69ddf36a35a320_33057482 { \n\tbackground-color:#fbfbfb;\n} \n\n#cmsmasters_row_69ddf36a35a320_33057482 .cmsmasters_row_outer_parent { \n\tpadding-top: 70px; \n} \n\n#cmsmasters_row_69ddf36a35a320_33057482 .cmsmasters_row_outer_parent { \n\tpadding-bottom: 50px; \n} \n\n \n#cmsmasters_heading_69ddf36a35c3a4_29670793 { \n\ttext-align:center; \n\tmargin-top:0px; \n\tmargin-bottom:50px; \n} \n\n#cmsmasters_heading_69ddf36a35c3a4_29670793 .cmsmasters_heading { \n\ttext-align:center; \n} \n\n#cmsmasters_heading_69ddf36a35c3a4_29670793 .cmsmasters_heading, #cmsmasters_heading_69ddf36a35c3a4_29670793 .cmsmasters_heading a { \n\tfont-weight:300; \n\tfont-style:normal; \n} \n\n#cmsmasters_heading_69ddf36a35c3a4_29670793 .cmsmasters_heading_divider { \n} \n\n \n#cmsmasters_row_69ddf36a383f12_69442931 .cmsmasters_row_outer_parent { \n\tpadding-top: 0px; \n} \n\n#cmsmasters_row_69ddf36a383f12_69442931 .cmsmasters_row_outer_parent { \n\tpadding-bottom: 0px; \n} \n\n#cmsmasters_row_69ddf36a383f12_69442931 .cmsmasters_row_inner.cmsmasters_row_fullwidth { \n\tpadding-left:0%; \n} \n#cmsmasters_row_69ddf36a383f12_69442931 .cmsmasters_row_inner.cmsmasters_row_fullwidth { \n\tpadding-right:0%; \n} \n \n#cmsmasters_divider_69ddf36a385ad7_80321660 { \n\tborder-bottom-width:1px; \n\tborder-bottom-style:solid; \n\tpadding-top:0px; \n\tmargin-bottom:0px; \n} \n \n#cmsmasters_row_69ddf36a385ef4_03659404 .cmsmasters_row_outer_parent { \n\tpadding-top: 50px; \n} \n\n#cmsmasters_row_69ddf36a385ef4_03659404 .cmsmasters_row_outer_parent { \n\tpadding-bottom: 50px; \n} \n\n \n#cmsmasters_heading_69ddf36a388296_91070111 { \n\ttext-align:center; \n\tmargin-top:0px; \n\tmargin-bottom:50px; \n} \n\n#cmsmasters_heading_69ddf36a388296_91070111 .cmsmasters_heading { \n\ttext-align:center; \n} \n\n#cmsmasters_heading_69ddf36a388296_91070111 .cmsmasters_heading, #cmsmasters_heading_69ddf36a388296_91070111 .cmsmasters_heading a { \n\tfont-weight:300; \n\tfont-style:normal; \n} \n\n#cmsmasters_heading_69ddf36a388296_91070111 .cmsmasters_heading_divider { \n} \n\n<\/style><div id=\"cmsmasters_row_69ddf36a35a320_33057482\" class=\"cmsmasters_row cmsmasters_color_scheme_default cmsmasters_row_top_default cmsmasters_row_bot_default cmsmasters_row_boxed\">\n<div class=\"cmsmasters_row_outer_parent\">\n<div class=\"cmsmasters_row_outer\">\n<div class=\"cmsmasters_row_inner\">\n<div class=\"cmsmasters_row_margin\">\n<div class=\"cmsmasters_column one_first\">\n\n<div id=\"cmsmasters_heading_69ddf36a35c3a4_29670793\" class=\"cmsmasters_heading_wrap cmsmasters_heading_align_center\">\n\t<h2 class=\"cmsmasters_heading\"><\/h2>\n<\/div>\n<div id=\"69ddf36a35cb32_44289285\" class=\"cmsmasters_profile vertical\">\n\r\n<!-- Start Vertical Profile  -->\r\n\r\n<article id=\"post-7134\" class=\"post-7134 profile type-profile status-publish has-post-thumbnail hentry pl-categs-director-dg\">\r\n\t<div class=\"pl_img\">\n<figure>\n<a href=\"https:\/\/unipungue.ac.mz\/?profile=francisco-mateus-antonio-wache\"><img loading=\"lazy\" decoding=\"async\" width=\"271\" height=\"300\" src=\"https:\/\/unipungue.ac.mz\/wp-content\/uploads\/2023\/04\/diretora_GAAQ.jpg\" class=\"attachment-cmsmasters-square-thumb size-cmsmasters-square-thumb wp-post-image\" alt=\"Prof\u00aa. Doutora Lubacha Lopes Am\u00e2ndio Zilh\u00e3o\" title=\"Prof\u00aa. Doutora Lubacha Lopes Am\u00e2ndio Zilh\u00e3o\" \/><\/a><\/figure>\n<\/div>\n<div class=\"pl_content\">\n<h6 class=\"pl_subtitle\">Directora<\/h6>\n<h2 class=\"entry-title\">\n<a href=\"https:\/\/unipungue.ac.mz\/?profile=francisco-mateus-antonio-wache\">Prof\u00aa. Doutora Lubacha Lopes Am\u00e2ndio Zilh\u00e3o<\/a>\n<\/h2>\n<div class=\"pl_social\">\n<\/div>\n<\/div>\n<div class=\"entry-content\">\n\u00c9 Directora de Gradua\u00e7\u00e3o na Universidade P\u00fangu\u00e8, com sede na prov\u00edncia de Manica e uma Extens\u00e3o na prov\u00edncia de Tete.<\/div>\n\t<div class=\"cl\"><\/div>\r\n<\/article>\r\n<!-- Finish Vertical Profile  -->\r\n\r\n<\/div>\n<\/div>\n<\/div>\n<\/div>\n<\/div>\n<\/div>\n<\/div>\n<div id=\"cmsmasters_row_69ddf36a383f12_69442931\" class=\"cmsmasters_row cmsmasters_color_scheme_default cmsmasters_row_top_default cmsmasters_row_bot_default cmsmasters_row_fullwidth\">\n<div class=\"cmsmasters_row_outer_parent\">\n<div class=\"cmsmasters_row_outer\">\n<div class=\"cmsmasters_row_inner cmsmasters_row_fullwidth\">\n<div class=\"cmsmasters_row_margin\">\n<div class=\"cmsmasters_column one_first\">\n\n<div id=\"cmsmasters_divider_69ddf36a385ad7_80321660\" class=\"cmsmasters_divider cmsmasters_divider_width_long cmsmasters_divider_pos_center\"><\/div>\n<\/div>\n<\/div>\n<\/div>\n<\/div>\n<\/div>\n<\/div>\n<div id=\"cmsmasters_row_69ddf36a385ef4_03659404\" class=\"cmsmasters_row cmsmasters_color_scheme_default cmsmasters_row_top_default cmsmasters_row_bot_default cmsmasters_row_boxed\">\n<div class=\"cmsmasters_row_outer_parent\">\n<div class=\"cmsmasters_row_outer\">\n<div class=\"cmsmasters_row_inner\">\n<div class=\"cmsmasters_row_margin\">\n<div class=\"cmsmasters_column one_first\">\n<div class=\"cmsmasters_text\">\n<p>S\u00e3o fun\u00e7\u00f5es gerais da DG:<\/p>\n<p>1. Garantir o cumprimento do calend\u00e1rio acad\u00e9mico;<\/p>\n<p>2. Gerir e avaliar os\u00a0<em>curricula<\/em>;<\/p>\n<p>3. Coordenar e harmonizar as actividades pedag\u00f3gicas de gradua\u00e7\u00e3o;<\/p>\n<p>4. Garantir a qualidade do ensino e dos cursos;<\/p>\n<p>5. Assegurar o sucesso das pr\u00e1ticas profissionalizantes;<\/p>\n<p>6. Contribuir para que a Universidade P\u00fangu\u00e8 ocupe uma posi\u00e7\u00e3o relevante no ranking das universidades a n\u00edvel nacional e internacional;<\/p>\n<p>7. Propor ao Reitor a nomea\u00e7\u00e3o da comiss\u00e3o de exames, anualmente.<\/p>\n<\/div>\n\n<div id=\"cmsmasters_heading_69ddf36a388296_91070111\" class=\"cmsmasters_heading_wrap cmsmasters_heading_align_center\">\n\t<h4 class=\"cmsmasters_heading\"><\/h4>\n<\/div>\n<\/div>\n<\/div>\n<\/div>\n<\/div>\n<\/div>\n<\/div>\n\n","protected":false},"excerpt":{"rendered":"","protected":false},"author":1,"featured_media":7073,"parent":0,"menu_order":0,"comment_status":"closed","ping_status":"closed","template":"","meta":{"footnotes":""},"class_list":["post-6952","page","type-page","status-publish","has-post-thumbnail","hentry"],"_links":{"self":[{"href":"https:\/\/unipungue.ac.mz\/index.php?rest_route=\/wp\/v2\/pages\/6952","targetHints":{"allow":["GET"]}}],"collection":[{"href":"https:\/\/unipungue.ac.mz\/index.php?rest_route=\/wp\/v2\/pages"}],"about":[{"href":"https:\/\/unipungue.ac.mz\/index.php?rest_route=\/wp\/v2\/types\/page"}],"author":[{"embeddable":true,"href":"https:\/\/unipungue.ac.mz\/index.php?rest_route=\/wp\/v2\/users\/1"}],"replies":[{"embeddable":true,"href":"https:\/\/unipungue.ac.mz\/index.php?rest_route=%2Fwp%2Fv2%2Fcomments&post=6952"}],"version-history":[{"count":4,"href":"https:\/\/unipungue.ac.mz\/index.php?rest_route=\/wp\/v2\/pages\/6952\/revisions"}],"predecessor-version":[{"id":8983,"href":"https:\/\/unipungue.ac.mz\/index.php?rest_route=\/wp\/v2\/pages\/6952\/revisions\/8983"}],"wp:featuredmedia":[{"embeddable":true,"href":"https:\/\/unipungue.ac.mz\/index.php?rest_route=\/wp\/v2\/media\/7073"}],"wp:attachment":[{"href":"https:\/\/unipungue.ac.mz\/index.php?rest_route=%2Fwp%2Fv2%2Fmedia&parent=6952"}],"curies":[{"name":"wp","href":"https:\/\/api.w.org\/{rel}","templated":true}]}}