{"id":7361,"date":"2023-08-05T11:07:23","date_gmt":"2023-08-05T11:07:23","guid":{"rendered":"http:\/\/102.67.191.105\/?page_id=7361"},"modified":"2023-08-05T11:37:55","modified_gmt":"2023-08-05T11:37:55","slug":"alumni","status":"publish","type":"page","link":"https:\/\/unipungue.ac.mz\/?page_id=7361","title":{"rendered":"Alumni"},"content":{"rendered":"<style type=\"text\/css\"> \n#cmsmasters_row_69f4629a188688_76689406 .cmsmasters_row_outer_parent { \n\tpadding-top: 50px; \n} \n\n#cmsmasters_row_69f4629a188688_76689406 .cmsmasters_row_outer_parent { \n\tpadding-bottom: 0px; \n} \n\n \n#cmsmasters_row_69f4629a18a330_35724599 .cmsmasters_row_outer_parent { \n\tpadding-top: 0px; \n} \n\n#cmsmasters_row_69f4629a18a330_35724599 .cmsmasters_row_outer_parent { \n\tpadding-bottom: 0px; \n} \n\n<\/style><div id=\"cmsmasters_row_69f4629a188688_76689406\" class=\"cmsmasters_row cmsmasters_color_scheme_default cmsmasters_row_top_default cmsmasters_row_bot_default cmsmasters_row_boxed\">\n<div class=\"cmsmasters_row_outer_parent\">\n<div class=\"cmsmasters_row_outer\">\n<div class=\"cmsmasters_row_inner\">\n<div class=\"cmsmasters_row_margin\">\n<div class=\"cmsmasters_column one_first\">\n<div class=\"cmsmasters_text\">\n<p><strong>BEM-VINDO \u00c0 COMUNIDADE \u2018ALUMNI\u2019 DA UNIVERSIDADE P\u00daNGU\u00c8<\/strong><\/p>\n<p><strong>Contextualiza\u00e7\u00e3o<\/strong><\/p>\n<p>A Universidade P\u00fangu\u00e8, abreviadamente UniP\u00fangu\u00e8, criada atrav\u00e9s do Decreto n\u00b0 4\/2019 de 15 de Fevereiro, conta actualmente com mais de 4 mil graduados entre licenciados e mestres. Com isto, torna-se indispens\u00e1vel saber onde os nossos graduados est\u00e3o, o que \u00e9 que fazem e quais s\u00e3o as suas perspectivas. Estes aspectos, em \u00faltima inst\u00e2ncia, ajudam no ajustamento das ofertas formativas, em fun\u00e7\u00e3o da crescente evolu\u00e7\u00e3o do mercado de trabalho, cada vez mais exigente ao n\u00edvel da Universidade. Na verdade, entende-se que um dos factores prestigiantes duma universidade \u00e9 o grau de absor\u00e7\u00e3o dos seus graduados no mercado de emprego.<\/p>\n<p>Com vista a fazer o acompanhamento em rela\u00e7\u00e3o ao percurso acad\u00e9mico e o n\u00edvel de empregabilidade dos seus ex-estudantes, a UniP\u00fangu\u00e8 criou a plataforma \u2018Alumni\u2019 da Universidade P\u00fangu\u00e8, que estar\u00e1 acess\u00edvel atrav\u00e9s da p\u00e1gina oficial da Universidade.<\/p>\n<p>Pretende-se ainda, com esta plataforma, que os antigos estudantes (\u2018alumni\u2019) se sintam parte integrante na Universidade e que desenvolvam em si o sentimento de perten\u00e7a \u00e0 comunidade UniP\u00fangu\u00e8, atrav\u00e9s do seu envolvimento nas diferentes actividades em prol do desenvolvimento da mesma.<strong>\u00a0<\/strong><\/p>\n<\/div>\n<\/div>\n<\/div>\n<\/div>\n<\/div>\n<\/div>\n<\/div>\n<div id=\"cmsmasters_row_69f4629a18a330_35724599\" class=\"cmsmasters_row cmsmasters_color_scheme_default cmsmasters_row_top_default cmsmasters_row_bot_default cmsmasters_row_boxed\">\n<div class=\"cmsmasters_row_outer_parent\">\n<div class=\"cmsmasters_row_outer\">\n<div class=\"cmsmasters_row_inner\">\n<div class=\"cmsmasters_row_margin\">\n<div class=\"cmsmasters_column one_first\">\n<div class=\"cmsmasters_toggles toggles_mode_accordion\">\n<div class=\"cmsmasters_toggle_wrap\" data-tags=\"all \">\n<div class=\"cmsmasters_toggle_title\">\n<span class=\"cmsmasters_toggle_plus\">\n<span class=\"cmsmasters_toggle_plus_hor\"><\/span>\n<span class=\"cmsmasters_toggle_plus_vert\"><\/span>\n<\/span>\n<a href=\"#\">O que significa \u2018Alumni\u2019?<\/a>\n<\/div>\n<div class=\"cmsmasters_toggle\">\n<div class=\"cmsmasters_toggle_inner\">\n<p>\u2018Alumni\u2019, plural de \u2018alumnus\u2019, \u00e9 uma palavra de origem latina que significa \u2018ex-alunos\u2019 ou \u2018antigos alunos\u2019. A sua vers\u00e3o feminina \u00e9 \u2018alumnae\u2019 (ex-alunas), plural de \u2018alumna\u2019. Todavia, apesar de existir a sua contraparte no feminino, o termo \u2018alumni\u2019 tem sido usado para se referir tanto a \u2018ex-alunos\u2019 e \u2018ex-alunas\u2019.<\/p>\n<p>Espera-se que os \u2018alumni\u2019 sejam os embaixadores da universidade dentro e fora dela, atrav\u00e9s de ac\u00e7\u00f5es que promovam e estimulem o ingresso de mais estudantes.<\/p>\n<\/div>\n<\/div>\n<\/div><div class=\"cmsmasters_toggle_wrap\" data-tags=\"all \">\n<div class=\"cmsmasters_toggle_title\">\n<span class=\"cmsmasters_toggle_plus\">\n<span class=\"cmsmasters_toggle_plus_hor\"><\/span>\n<span class=\"cmsmasters_toggle_plus_vert\"><\/span>\n<\/span>\n<a href=\"#\">Quem s\u00e3o os \u2018Alumni\u2019 da Universidade P\u00fangu\u00e8?<\/a>\n<\/div>\n<div class=\"cmsmasters_toggle\">\n<div class=\"cmsmasters_toggle_inner\">\n<p>Para efeitos de contextualiza\u00e7\u00e3o, s\u00e3o considerados \u2018Alumni\u2019 da Universidade P\u00fangu\u00e8, todos aqueles que tenham conclu\u00eddo pelo menos um ciclo de estudos conducente a obten\u00e7\u00e3o de um grau acad\u00e9mico e que tenham sido certificados pela Universidade P\u00fangu\u00e8, independentemente de terem ou n\u00e3o participado na cerim\u00f3nia de gradua\u00e7\u00e3o.<\/p>\n<\/div>\n<\/div>\n<\/div><div class=\"cmsmasters_toggle_wrap\" data-tags=\"all \">\n<div class=\"cmsmasters_toggle_title\">\n<span class=\"cmsmasters_toggle_plus\">\n<span class=\"cmsmasters_toggle_plus_hor\"><\/span>\n<span class=\"cmsmasters_toggle_plus_vert\"><\/span>\n<\/span>\n<a href=\"#\">Objectivos da Comunidade \u2018Alumni\u2019 da Universidade P\u00fangu\u00e8<\/a>\n<\/div>\n<div class=\"cmsmasters_toggle\">\n<div class=\"cmsmasters_toggle_inner\">\n<p>Constituem objectivos desta plataforma as seguintes:<\/p>\n<ul>\n<li>Identificar o perfil profissional e acad\u00e9mico dos \u2018ex-estudantes\u2019 da Universidade P\u00fangu\u00e8;<\/li>\n<li>Divulgar oportunidades formativas e\/ ou de emprego aos graduados, dentro e fora do pa\u00eds;<\/li>\n<li>Estimular a interac\u00e7\u00e3o entre os graduados e estes com o mercado de emprego;<\/li>\n<li>Promover o sentido de perten\u00e7a nos \u2018ex-estudantes\u2019 e a participa\u00e7\u00e3o destes no desenvolvimento da universidade, atrav\u00e9s deste v\u00ednculo;<\/li>\n<li>Estimular a ades\u00e3o de novos ingressos a universidade<\/li>\n<\/ul>\n<\/div>\n<\/div>\n<\/div><div class=\"cmsmasters_toggle_wrap\" data-tags=\"all \">\n<div class=\"cmsmasters_toggle_title\">\n<span class=\"cmsmasters_toggle_plus\">\n<span class=\"cmsmasters_toggle_plus_hor\"><\/span>\n<span class=\"cmsmasters_toggle_plus_vert\"><\/span>\n<\/span>\n<a href=\"#\">Como fazer parte da \u2032Alumni\u2032 - UniP\u00fangu\u00e8?<\/a>\n<\/div>\n<div class=\"cmsmasters_toggle\">\n<div class=\"cmsmasters_toggle_inner\">\n<p>Para aderir, preencha o formul\u00e1rio.\u00a0A confirma\u00e7\u00e3o da submiss\u00e3o dos dados ser\u00e1 feita por e-mail fornecido, no momento do cadastro.<\/p>\n<p><a href=\"https:\/\/docs.google.com\/forms\/d\/e\/1FAIpQLSdCbFI9GPZxpVMcNPq8q9ESUCjRFRzdJHzAYcwLHrrcJZDCTQ\/viewform\">Formul\u00e1rio<\/a><\/p>\n<\/div>\n<\/div>\n<\/div><\/div>\n<\/div>\n<\/div>\n<\/div>\n<\/div>\n<\/div>\n<\/div>\n\n","protected":false},"excerpt":{"rendered":"","protected":false},"author":1,"featured_media":0,"parent":0,"menu_order":0,"comment_status":"closed","ping_status":"closed","template":"","meta":{"footnotes":""},"class_list":["post-7361","page","type-page","status-publish","hentry"],"_links":{"self":[{"href":"https:\/\/unipungue.ac.mz\/index.php?rest_route=\/wp\/v2\/pages\/7361","targetHints":{"allow":["GET"]}}],"collection":[{"href":"https:\/\/unipungue.ac.mz\/index.php?rest_route=\/wp\/v2\/pages"}],"about":[{"href":"https:\/\/unipungue.ac.mz\/index.php?rest_route=\/wp\/v2\/types\/page"}],"author":[{"embeddable":true,"href":"https:\/\/unipungue.ac.mz\/index.php?rest_route=\/wp\/v2\/users\/1"}],"replies":[{"embeddable":true,"href":"https:\/\/unipungue.ac.mz\/index.php?rest_route=%2Fwp%2Fv2%2Fcomments&post=7361"}],"version-history":[{"count":8,"href":"https:\/\/unipungue.ac.mz\/index.php?rest_route=\/wp\/v2\/pages\/7361\/revisions"}],"predecessor-version":[{"id":7377,"href":"https:\/\/unipungue.ac.mz\/index.php?rest_route=\/wp\/v2\/pages\/7361\/revisions\/7377"}],"wp:attachment":[{"href":"https:\/\/unipungue.ac.mz\/index.php?rest_route=%2Fwp%2Fv2%2Fmedia&parent=7361"}],"curies":[{"name":"wp","href":"https:\/\/api.w.org\/{rel}","templated":true}]}}