{"id":7900,"date":"2024-05-13T08:22:50","date_gmt":"2024-05-13T08:22:50","guid":{"rendered":"http:\/\/102.67.191.105\/?page_id=7900"},"modified":"2024-05-13T14:25:05","modified_gmt":"2024-05-13T14:25:05","slug":"departamentos-academicos","status":"publish","type":"page","link":"https:\/\/unipungue.ac.mz\/?page_id=7900","title":{"rendered":"Departamentos Acad\u00e9micos"},"content":{"rendered":"<style type=\"text\/css\"> \n#cmsmasters_row_69de26647446d2_74287697 .cmsmasters_row_outer_parent { \n\tpadding-top: 0px; \n} \n\n#cmsmasters_row_69de26647446d2_74287697 .cmsmasters_row_outer_parent { \n\tpadding-bottom: 50px; \n} \n\n<\/style><div id=\"cmsmasters_row_69de26647446d2_74287697\" class=\"cmsmasters_row cmsmasters_color_scheme_default mt-40 cmsmasters_row_top_default cmsmasters_row_bot_default cmsmasters_row_boxed\">\n<div class=\"cmsmasters_row_outer_parent\">\n<div class=\"cmsmasters_row_outer\">\n<div class=\"cmsmasters_row_inner\">\n<div class=\"cmsmasters_row_margin\">\n<div class=\"cmsmasters_column one_first\">\n<div class=\"cmsmasters_tabs tabs_mode_tour tabs_pos_left\">\n<ul class=\"cmsmasters_tabs_list\">\n<li id=\"cmsmasters_tabs_list_item_69de2664745a05_97329189\" class=\"cmsmasters_tabs_list_item current_tab\">\n<a href=\"#\">\n<span>Departamento de Educa\u00e7\u00e3o<\/span>\n<\/a>\n<\/li><li id=\"cmsmasters_tabs_list_item_69de2664745f56_32185423\" class=\"cmsmasters_tabs_list_item\">\n<a href=\"#\">\n<span>Departamento de Letras, Ci\u00eancias Sociais e Humanidades<\/span>\n<\/a>\n<\/li><li id=\"cmsmasters_tabs_list_item_69de2664746242_79478867\" class=\"cmsmasters_tabs_list_item\">\n<a href=\"#\">\n<span>Departamento de Ci\u00eancias Exactas e Tecnol\u00f3gicas<\/span>\n<\/a>\n<\/li><li id=\"cmsmasters_tabs_list_item_69de26647464d6_51415798\" class=\"cmsmasters_tabs_list_item\">\n<a href=\"#\">\n<span>Departamento de Ci\u00eancias Econ\u00f4micas e Cont\u00e1beis<\/span>\n<\/a>\n<\/li><li id=\"cmsmasters_tabs_list_item_69de2664746736_79168252\" class=\"cmsmasters_tabs_list_item\">\n<a href=\"#\">\n<span>Departamento de Geoci\u00eancias e Ambiente<\/span>\n<\/a>\n<\/li><li id=\"cmsmasters_tabs_list_item_69de2664746985_39149151\" class=\"cmsmasters_tabs_list_item\">\n<a href=\"#\">\n<span>Departamento de P\u00f3s-gradua\u00e7\u00e3o<\/span>\n<\/a>\n<\/li><li id=\"cmsmasters_tabs_list_item_69de2664746bc0_72191672\" class=\"cmsmasters_tabs_list_item\">\n<a href=\"#\">\n<span>Departamento de Pesquisa e Publica\u00e7\u00e3o<\/span>\n<\/a>\n<\/li><li id=\"cmsmasters_tabs_list_item_69de2664746e10_20478377\" class=\"cmsmasters_tabs_list_item\">\n<a href=\"#\">\n<span>Departamento de Desenvolvimento do Corpo Docente<\/span>\n<\/a>\n<\/li><li id=\"cmsmasters_tabs_list_item_69de2664747058_62265562\" class=\"cmsmasters_tabs_list_item\">\n<a href=\"#\">\n<span>Departamento de Extens\u00e3o Universit\u00e1ria e Inova\u00e7\u00e3o<\/span>\n<\/a>\n<\/li><li id=\"cmsmasters_tabs_list_item_69de2664747289_36055933\" class=\"cmsmasters_tabs_list_item\">\n<a href=\"#\">\n<span>Departamento de Ensino a Dist\u00e2ncia<\/span>\n<\/a>\n<\/li><li id=\"cmsmasters_tabs_list_item_69de26647474c7_74843420\" class=\"cmsmasters_tabs_list_item\">\n<a href=\"#\">\n<span>Departamento de Servi\u00e7os de Documenta\u00e7\u00e3o e Informa\u00e7\u00e3o<\/span>\n<\/a>\n<\/li><li id=\"cmsmasters_tabs_list_item_69de26647476f5_84845036\" class=\"cmsmasters_tabs_list_item\">\n<a href=\"#\">\n<span> Departamento do Registo Acad\u00e9mico<\/span>\n<\/a>\n<\/li><\/ul>\n<div class=\"cmsmasters_tabs_wrap\">\n<div id=\"cmsmasters_tab_69de2664745a05_97329189\" class=\"cmsmasters_tab active_tab\">\n<div class=\"cmsmasters_tab_inner\">\n<p><\/p>\n<\/div>\n<\/div><div id=\"cmsmasters_tab_69de2664745f56_32185423\" class=\"cmsmasters_tab\">\n<div class=\"cmsmasters_tab_inner\">\n<p><\/p>\n<\/div>\n<\/div><div id=\"cmsmasters_tab_69de2664746242_79478867\" class=\"cmsmasters_tab\">\n<div class=\"cmsmasters_tab_inner\">\n<p><\/p>\n<\/div>\n<\/div><div id=\"cmsmasters_tab_69de26647464d6_51415798\" class=\"cmsmasters_tab\">\n<div class=\"cmsmasters_tab_inner\">\n<p><\/p>\n<\/div>\n<\/div><div id=\"cmsmasters_tab_69de2664746736_79168252\" class=\"cmsmasters_tab\">\n<div class=\"cmsmasters_tab_inner\">\n<p><\/p>\n<\/div>\n<\/div><div id=\"cmsmasters_tab_69de2664746985_39149151\" class=\"cmsmasters_tab\">\n<div class=\"cmsmasters_tab_inner\">\n<p><\/p>\n<\/div>\n<\/div><div id=\"cmsmasters_tab_69de2664746bc0_72191672\" class=\"cmsmasters_tab\">\n<div class=\"cmsmasters_tab_inner\">\n<p><\/p>\n<\/div>\n<\/div><div id=\"cmsmasters_tab_69de2664746e10_20478377\" class=\"cmsmasters_tab\">\n<div class=\"cmsmasters_tab_inner\">\n<p><\/p>\n<\/div>\n<\/div><div id=\"cmsmasters_tab_69de2664747058_62265562\" class=\"cmsmasters_tab\">\n<div class=\"cmsmasters_tab_inner\">\n<p><\/p>\n<\/div>\n<\/div><div id=\"cmsmasters_tab_69de2664747289_36055933\" class=\"cmsmasters_tab\">\n<div class=\"cmsmasters_tab_inner\">\n<p><\/p>\n<\/div>\n<\/div><div id=\"cmsmasters_tab_69de26647474c7_74843420\" class=\"cmsmasters_tab\">\n<div class=\"cmsmasters_tab_inner\">\n<p><\/p>\n<\/div>\n<\/div><div id=\"cmsmasters_tab_69de26647476f5_84845036\" class=\"cmsmasters_tab\">\n<div class=\"cmsmasters_tab_inner\">\n<p><\/p>\n<\/div>\n<\/div><\/div>\n<\/div>\n<\/div>\n<\/div>\n<\/div>\n<\/div>\n<\/div>\n<\/div>\n\n","protected":false},"excerpt":{"rendered":"","protected":false},"author":1,"featured_media":0,"parent":0,"menu_order":0,"comment_status":"closed","ping_status":"closed","template":"","meta":{"footnotes":""},"class_list":["post-7900","page","type-page","status-publish","hentry"],"_links":{"self":[{"href":"https:\/\/unipungue.ac.mz\/index.php?rest_route=\/wp\/v2\/pages\/7900","targetHints":{"allow":["GET"]}}],"collection":[{"href":"https:\/\/unipungue.ac.mz\/index.php?rest_route=\/wp\/v2\/pages"}],"about":[{"href":"https:\/\/unipungue.ac.mz\/index.php?rest_route=\/wp\/v2\/types\/page"}],"author":[{"embeddable":true,"href":"https:\/\/unipungue.ac.mz\/index.php?rest_route=\/wp\/v2\/users\/1"}],"replies":[{"embeddable":true,"href":"https:\/\/unipungue.ac.mz\/index.php?rest_route=%2Fwp%2Fv2%2Fcomments&post=7900"}],"version-history":[{"count":4,"href":"https:\/\/unipungue.ac.mz\/index.php?rest_route=\/wp\/v2\/pages\/7900\/revisions"}],"predecessor-version":[{"id":7956,"href":"https:\/\/unipungue.ac.mz\/index.php?rest_route=\/wp\/v2\/pages\/7900\/revisions\/7956"}],"wp:attachment":[{"href":"https:\/\/unipungue.ac.mz\/index.php?rest_route=%2Fwp%2Fv2%2Fmedia&parent=7900"}],"curies":[{"name":"wp","href":"https:\/\/api.w.org\/{rel}","templated":true}]}}