{"id":8509,"date":"2024-11-13T09:39:54","date_gmt":"2024-11-13T09:39:54","guid":{"rendered":"https:\/\/unipungue.ac.mz\/?page_id=8509"},"modified":"2024-12-16T08:48:18","modified_gmt":"2024-12-16T08:48:18","slug":"exames-de-admissao-2025","status":"publish","type":"page","link":"https:\/\/unipungue.ac.mz\/?page_id=8509","title":{"rendered":"Inscri\u00e7\u00f5es para o ano acad\u00e9mico 2025"},"content":{"rendered":"<style type=\"text\/css\"> \n#cmsmasters_row_69d245a4126ee3_13844511 .cmsmasters_row_outer_parent { \n\tpadding-top: 70px; \n} \n\n#cmsmasters_row_69d245a4126ee3_13844511 .cmsmasters_row_outer_parent { \n\tpadding-bottom: 50px; \n} \n\n \n#cmsmasters_heading_69d245a4127b13_80289056 { \n\ttext-align:left; \n\tmargin-top:0px; \n\tmargin-bottom:0px; \n} \n\n#cmsmasters_heading_69d245a4127b13_80289056 .cmsmasters_heading { \n\ttext-align:left; \n} \n\n#cmsmasters_heading_69d245a4127b13_80289056 .cmsmasters_heading, #cmsmasters_heading_69d245a4127b13_80289056 .cmsmasters_heading a { \n\tfont-weight:normal; \n\tfont-style:normal; \n} \n\n#cmsmasters_heading_69d245a4127b13_80289056 .cmsmasters_heading_divider { \n} \n\n \n#cmsmasters_row_69d245a4128241_31210570 .cmsmasters_row_outer_parent { \n\tpadding-top: 0px; \n} \n\n#cmsmasters_row_69d245a4128241_31210570 .cmsmasters_row_outer_parent { \n\tpadding-bottom: 50px; \n} \n\n\r\n\t\t\t\t#cmsmasters_gallery_69d245a4129470_70269465 .cmsmasters_gallery {\r\n\t\t\t\t\tmargin:0 0 0 -10px;\r\n\t\t\t\t}\r\n\t\t\t\t\r\n\t\t\t\t#cmsmasters_gallery_69d245a4129470_70269465 .cmsmasters_gallery .cmsmasters_gallery_item {\r\n\t\t\t\t\tpadding:0 0 10px 10px;\r\n\t\t\t\t}\r\n\t\t\t \n#cmsmasters_row_69d245a4163417_29655760 .cmsmasters_row_outer_parent { \n\tpadding-top: 0px; \n} \n\n#cmsmasters_row_69d245a4163417_29655760 .cmsmasters_row_outer_parent { \n\tpadding-bottom: 20px; \n} \n\n \n#cmsmasters_row_69d245a4164d13_67783228 .cmsmasters_row_outer_parent { \n\tpadding-top: 0px; \n} \n\n#cmsmasters_row_69d245a4164d13_67783228 .cmsmasters_row_outer_parent { \n\tpadding-bottom: 50px; \n} \n\n\n#cmsmasters_button_69d245a4165705_30555676 { \n\ttext-align:center; \n} \n\n#cmsmasters_button_69d245a4165705_30555676 .cmsmasters_button:before { \n\tmargin-right:.5em; \n\tmargin-left:0; \n\tvertical-align:baseline; \n} \n\n#cmsmasters_button_69d245a4165705_30555676 .cmsmasters_button { \n\tfont-weight:normal; \n\tfont-style:normal; \n\tborder-style:solid; \n\tbackground-color:#ffce3d;\n\tcolor:#000000;\n} \n#cmsmasters_button_69d245a4165705_30555676 .cmsmasters_button:hover { \n} \n<\/style><div id=\"cmsmasters_row_69d245a4126ee3_13844511\" class=\"cmsmasters_row cmsmasters_color_scheme_default cmsmasters_row_top_default cmsmasters_row_bot_default cmsmasters_row_boxed\">\n<div class=\"cmsmasters_row_outer_parent\">\n<div class=\"cmsmasters_row_outer\">\n<div class=\"cmsmasters_row_inner\">\n<div class=\"cmsmasters_row_margin\">\n<div class=\"cmsmasters_column one_first\">\n\n<div id=\"cmsmasters_heading_69d245a4127b13_80289056\" class=\"cmsmasters_heading_wrap cmsmasters_heading_align_left\">\n\t<h1 class=\"cmsmasters_heading\">AS INSCRI\u00c7\u00d5ES PARA O EXAME DE ADMISS\u00c3O DE 2025 DA UNIP\u00daNGU\u00c8 EST\u00c3O ENCERRADAS<\/h1>\n<\/div>\n<\/div>\n<\/div>\n<\/div>\n<\/div>\n<\/div>\n<\/div>\n<div id=\"cmsmasters_row_69d245a4128241_31210570\" class=\"cmsmasters_row cmsmasters_color_scheme_default cmsmasters_row_top_default cmsmasters_row_bot_default cmsmasters_row_boxed\">\n<div class=\"cmsmasters_row_outer_parent\">\n<div class=\"cmsmasters_row_outer\">\n<div class=\"cmsmasters_row_inner\">\n<div class=\"cmsmasters_row_margin\">\n<div class=\"cmsmasters_column one_first\">\n<div id=\"cmsmasters_gallery_69d245a4129470_70269465\" class=\"cmsmasters_gallery_wrap\"><ul class=\"cmsmasters_gallery cmsmasters_4 cmsmasters_more_items_loader\"><li class=\"cmsmasters_gallery_item\"><figure><a href=\"https:\/\/unipungue.ac.mz\/wp-content\/uploads\/2024\/11\/WhatsApp-Image-2024-11-13-at-11.06.06_2372a231.jpg\" rel=\"ilightbox[69d245a4129470_70269465]\"><img loading=\"lazy\" decoding=\"async\" width=\"794\" height=\"1123\" src=\"https:\/\/unipungue.ac.mz\/wp-content\/uploads\/2024\/11\/WhatsApp-Image-2024-11-13-at-11.06.06_2372a231.jpg\" class=\"attachment-full size-full\" alt=\"\" srcset=\"https:\/\/unipungue.ac.mz\/wp-content\/uploads\/2024\/11\/WhatsApp-Image-2024-11-13-at-11.06.06_2372a231.jpg 794w, https:\/\/unipungue.ac.mz\/wp-content\/uploads\/2024\/11\/WhatsApp-Image-2024-11-13-at-11.06.06_2372a231-212x300.jpg 212w, https:\/\/unipungue.ac.mz\/wp-content\/uploads\/2024\/11\/WhatsApp-Image-2024-11-13-at-11.06.06_2372a231-724x1024.jpg 724w, https:\/\/unipungue.ac.mz\/wp-content\/uploads\/2024\/11\/WhatsApp-Image-2024-11-13-at-11.06.06_2372a231-768x1086.jpg 768w, https:\/\/unipungue.ac.mz\/wp-content\/uploads\/2024\/11\/WhatsApp-Image-2024-11-13-at-11.06.06_2372a231-580x820.jpg 580w\" sizes=\"auto, (max-width: 794px) 100vw, 794px\" \/><\/a><\/figure><\/li><li class=\"cmsmasters_gallery_item\"><figure><a href=\"https:\/\/unipungue.ac.mz\/wp-content\/uploads\/2024\/11\/WhatsApp-Image-2024-11-13-at-11.06.06_a617d984.jpg\" rel=\"ilightbox[69d245a4129470_70269465]\"><img loading=\"lazy\" decoding=\"async\" width=\"1131\" height=\"1600\" src=\"https:\/\/unipungue.ac.mz\/wp-content\/uploads\/2024\/11\/WhatsApp-Image-2024-11-13-at-11.06.06_a617d984.jpg\" class=\"attachment-full size-full\" alt=\"\" srcset=\"https:\/\/unipungue.ac.mz\/wp-content\/uploads\/2024\/11\/WhatsApp-Image-2024-11-13-at-11.06.06_a617d984.jpg 1131w, https:\/\/unipungue.ac.mz\/wp-content\/uploads\/2024\/11\/WhatsApp-Image-2024-11-13-at-11.06.06_a617d984-212x300.jpg 212w, https:\/\/unipungue.ac.mz\/wp-content\/uploads\/2024\/11\/WhatsApp-Image-2024-11-13-at-11.06.06_a617d984-724x1024.jpg 724w, https:\/\/unipungue.ac.mz\/wp-content\/uploads\/2024\/11\/WhatsApp-Image-2024-11-13-at-11.06.06_a617d984-768x1086.jpg 768w, https:\/\/unipungue.ac.mz\/wp-content\/uploads\/2024\/11\/WhatsApp-Image-2024-11-13-at-11.06.06_a617d984-1086x1536.jpg 1086w, https:\/\/unipungue.ac.mz\/wp-content\/uploads\/2024\/11\/WhatsApp-Image-2024-11-13-at-11.06.06_a617d984-580x821.jpg 580w, https:\/\/unipungue.ac.mz\/wp-content\/uploads\/2024\/11\/WhatsApp-Image-2024-11-13-at-11.06.06_a617d984-860x1217.jpg 860w\" sizes=\"auto, (max-width: 1131px) 100vw, 1131px\" \/><\/a><\/figure><\/li><li class=\"cmsmasters_gallery_item\"><figure><a href=\"https:\/\/unipungue.ac.mz\/wp-content\/uploads\/2024\/11\/WhatsApp-Image-2024-11-13-at-11.06.10_88efdbf7.jpg\" rel=\"ilightbox[69d245a4129470_70269465]\"><img loading=\"lazy\" decoding=\"async\" width=\"1600\" height=\"1236\" src=\"https:\/\/unipungue.ac.mz\/wp-content\/uploads\/2024\/11\/WhatsApp-Image-2024-11-13-at-11.06.10_88efdbf7.jpg\" class=\"attachment-full size-full\" alt=\"\" srcset=\"https:\/\/unipungue.ac.mz\/wp-content\/uploads\/2024\/11\/WhatsApp-Image-2024-11-13-at-11.06.10_88efdbf7.jpg 1600w, https:\/\/unipungue.ac.mz\/wp-content\/uploads\/2024\/11\/WhatsApp-Image-2024-11-13-at-11.06.10_88efdbf7-300x232.jpg 300w, https:\/\/unipungue.ac.mz\/wp-content\/uploads\/2024\/11\/WhatsApp-Image-2024-11-13-at-11.06.10_88efdbf7-1024x791.jpg 1024w, https:\/\/unipungue.ac.mz\/wp-content\/uploads\/2024\/11\/WhatsApp-Image-2024-11-13-at-11.06.10_88efdbf7-768x593.jpg 768w, https:\/\/unipungue.ac.mz\/wp-content\/uploads\/2024\/11\/WhatsApp-Image-2024-11-13-at-11.06.10_88efdbf7-1536x1187.jpg 1536w, https:\/\/unipungue.ac.mz\/wp-content\/uploads\/2024\/11\/WhatsApp-Image-2024-11-13-at-11.06.10_88efdbf7-580x448.jpg 580w, https:\/\/unipungue.ac.mz\/wp-content\/uploads\/2024\/11\/WhatsApp-Image-2024-11-13-at-11.06.10_88efdbf7-860x664.jpg 860w, https:\/\/unipungue.ac.mz\/wp-content\/uploads\/2024\/11\/WhatsApp-Image-2024-11-13-at-11.06.10_88efdbf7-1160x896.jpg 1160w\" sizes=\"auto, (max-width: 1600px) 100vw, 1600px\" \/><\/a><\/figure><\/li><li class=\"cmsmasters_gallery_item\"><figure><a href=\"\" rel=\"ilightbox[69d245a4129470_70269465]\"><\/a><\/figure><\/li><\/ul><script type=\"text\/javascript\">\r\n\t\t\t\tjQuery(document).ready(function () {\r\n\t\t\t\t\t(function ($) {\r\n\t\t\t\t\t\tif ($('#cmsmasters_gallery_69d245a4129470_70269465').find('.cmsmasters_gallery_item').length == '0') {\r\n\t\t\t\t\t\t\treturn false;\r\n\t\t\t\t\t\t}\r\n\t\t\t\t\t\t\r\n\t\t\t\t\t\t\r\n\t\t\t\t\t\tstartGallery( \r\n\t\t\t\t\t\t\t'69d245a4129470_70269465', \r\n\t\t\t\t\t\t\t'masonry', \r\n\t\t\t\t\t\t\t'false', \r\n\t\t\t\t\t\t\t'false' \r\n\t\t\t\t\t\t);\r\n\t\t\t\t\t} )(jQuery);\r\n\t\t\t\t} );\r\n\t\t\t<\/script>\r\n\t\t\t<\/div>\n<\/div>\n<\/div>\n<\/div>\n<\/div>\n<\/div>\n<\/div>\n<div id=\"cmsmasters_row_69d245a4163417_29655760\" class=\"cmsmasters_row cmsmasters_color_scheme_default cmsmasters_row_top_default cmsmasters_row_bot_default cmsmasters_row_boxed\">\n<div class=\"cmsmasters_row_outer_parent\">\n<div class=\"cmsmasters_row_outer\">\n<div class=\"cmsmasters_row_inner\">\n<div class=\"cmsmasters_row_margin\">\n<div class=\"cmsmasters_column one_first text-center\">\n<div class=\"cmsmasters_text\">\n<p><a href=\"https:\/\/comissao.up.ac.mz\/upm\/login.php\">Clique aqui<\/a>\u00a0para entrar na sua conta de inscri\u00e7\u00e3o.<\/p>\n<\/div>\n<\/div>\n<\/div>\n<\/div>\n<\/div>\n<\/div>\n<\/div>\n<div id=\"cmsmasters_row_69d245a4164d13_67783228\" class=\"cmsmasters_row cmsmasters_color_scheme_default cmsmasters_row_top_default cmsmasters_row_bot_default cmsmasters_row_boxed\">\n<div class=\"cmsmasters_row_outer_parent\">\n<div class=\"cmsmasters_row_outer\">\n<div class=\"cmsmasters_row_inner\">\n<div class=\"cmsmasters_row_margin\">\n<div class=\"cmsmasters_column one_first\">\n\n<div id=\"cmsmasters_button_69d245a4165705_30555676\" class=\"button_wrap\"><a href=\"https:\/\/unipungue.ac.mz\/wp-content\/uploads\/2024\/11\/EDITAL-2025-1.pdf\" class=\"cmsmasters_button cmsmasters_but_clear_styles cmsmasters_but_bg_hover cmsmasters-icon-arrow-down\" target=\"_blank\"><span>Baixar edital completo<\/span><\/a><\/div>\n<\/div>\n<\/div>\n<\/div>\n<\/div>\n<\/div>\n<\/div>\n\n","protected":false},"excerpt":{"rendered":"","protected":false},"author":1,"featured_media":0,"parent":0,"menu_order":0,"comment_status":"closed","ping_status":"closed","template":"","meta":{"footnotes":""},"class_list":["post-8509","page","type-page","status-publish","hentry"],"_links":{"self":[{"href":"https:\/\/unipungue.ac.mz\/index.php?rest_route=\/wp\/v2\/pages\/8509","targetHints":{"allow":["GET"]}}],"collection":[{"href":"https:\/\/unipungue.ac.mz\/index.php?rest_route=\/wp\/v2\/pages"}],"about":[{"href":"https:\/\/unipungue.ac.mz\/index.php?rest_route=\/wp\/v2\/types\/page"}],"author":[{"embeddable":true,"href":"https:\/\/unipungue.ac.mz\/index.php?rest_route=\/wp\/v2\/users\/1"}],"replies":[{"embeddable":true,"href":"https:\/\/unipungue.ac.mz\/index.php?rest_route=%2Fwp%2Fv2%2Fcomments&post=8509"}],"version-history":[{"count":23,"href":"https:\/\/unipungue.ac.mz\/index.php?rest_route=\/wp\/v2\/pages\/8509\/revisions"}],"predecessor-version":[{"id":8614,"href":"https:\/\/unipungue.ac.mz\/index.php?rest_route=\/wp\/v2\/pages\/8509\/revisions\/8614"}],"wp:attachment":[{"href":"https:\/\/unipungue.ac.mz\/index.php?rest_route=%2Fwp%2Fv2%2Fmedia&parent=8509"}],"curies":[{"name":"wp","href":"https:\/\/api.w.org\/{rel}","templated":true}]}}